{"id":21,"date":"2025-06-22T21:23:34","date_gmt":"2025-06-22T21:23:34","guid":{"rendered":"https:\/\/tecate.gob.mx\/SARE\/?page_id=21"},"modified":"2025-06-25T15:58:19","modified_gmt":"2025-06-25T15:58:19","slug":"requisitos","status":"publish","type":"page","link":"https:\/\/tecate.gob.mx\/SARE\/requisitos\/","title":{"rendered":"Requisitos"},"content":{"rendered":"\n<div class=\"wp-block-group is-layout-constrained wp-block-group-is-layout-constrained\">\n<div class=\"wp-block-group is-layout-constrained wp-block-group-is-layout-constrained\">\n<details class=\"wp-block-details has-custom-rojo-color has-text-color has-link-color wp-elements-d1336cfba9cdeb49cec6e5ec84e6a554 is-layout-flow wp-block-details-is-layout-flow\" style=\"padding-right:0;padding-left:0\"><summary>Copia de los siguientes requisitos:<\/summary>\n<p>Formato \u00danico de Apertura (FUA) debidamente llenado.<br>1.-Documento que acredite la legal propiedad o posesi\u00f3n del<br>inmueble.<br>2.-Identificacion oficial vigente.<br>3.-Constancia de situaci\u00f3n fiscal. (Emitida por el SAT)<br>4.-Recibo de pago del predial del a\u00f1o en curso.<br>5.-Dibujo a escala de la distribuci\u00f3n del establecimiento.<br>6.-Croquis detallado de la ubicaci\u00f3n del inmueble.<br>7.-Informe fotogr\u00e1fico impreso del interior y fachada del<br>establecimiento 8 fotograf\u00edas como m\u00ednimo, incluyendo la<br>instalaci\u00f3n de dispositivos de seguridad, colindancia del predio.<br>8.-Fotografia anuncios adosados, medidas, material, ubicaci\u00f3n y<br>. luminosidad.<br>9.- Si la actividad as\u00ed lo requiere presentar manifiesto de<br>recolecci\u00f3n de residuos.<br>*En caso de tratarse de persona moral, adem\u00e1s debe incluir:<br>a). Acta constitutiva o documento que acredite la legal<br>constituci\u00f3n de la empresa.<br>b). Poder para realizar actos administrativos.<br>c). Identificaci\u00f3n oficial del representante legal.<\/p>\n<\/details>\n<\/div>\n<\/div>\n\n\n\n<details class=\"wp-block-details has-custom-rojo-color has-text-color has-link-color wp-elements-2728aca00942403f1c15d66528c8d08f is-layout-flow wp-block-details-is-layout-flow\"><summary>Permisos para Tramitar<\/summary>\n<p>1.-Anuencia de Impacto Ambiental.<br>2.-Dictamen de uso de suelo.<br>3.-Permiso de Anuncio.<br>4.-Certificacion de dispositivos de seguridad y bomberos.<br>5.-Licencia de Operaciones.<\/p>\n<\/details>\n\n\n\n<details class=\"wp-block-details has-custom-rojo-color has-text-color has-link-color wp-elements-1e6a733e36b329bad3eb8f6804b79dcc is-layout-flow wp-block-details-is-layout-flow\"><summary>Compromiso del Solicitante<\/summary>\n<p>a). Dar seguimiento a las medidas y dispositivos de seguridad<br>para el caso que determine la coordinaci\u00f3n municipal de<br>Protecci\u00f3n Civil y Bomberos.<br>b). Anualmente deber\u00e1 revalidar la Licencia de Operaciones y el<br>permiso de anuncio.<br>c). En caso de realizar cambios de propietario o raz\u00f3n social,<br>modificaciones al inmueble o a la actividad que originalmente<br>solicito, deber\u00e1 notificar a las autoridades correspondientes.<\/p>\n<\/details>\n\n\n\n<details class=\"wp-block-details has-custom-rojo-color has-text-color has-link-color wp-elements-a26431f3d91250a9e51ca51cfc7ce5b6 is-layout-flow wp-block-details-is-layout-flow\"><summary>Cat\u00e1logo de Giros Bajo Riesgo<\/summary>\n<figure class=\"wp-block-table is-style-regular\"><table class=\"has-custom-rojo-color has-raft-bg-alt-background-color has-text-color has-background has-link-color has-border-color has-custom-dorado-border-color has-fixed-layout\" style=\"border-style:dotted\"><tbody><tr><td>Agencias de anuncios publicitarios<\/td><\/tr><tr><td>Agencias de cobranza<\/td><\/tr><tr><td>Agencias de compra de medios a petici\u00f3n del cliente<\/td><\/tr><tr><td>Agencias de empleo temporal<\/td><\/tr><tr><td>Agencias de publicidad<\/td><\/tr><tr><td>Agencias de relaciones p\u00fablicas<\/td><\/tr><tr><td>Agencias de representaci\u00f3n de medios<\/td><\/tr><tr><td>Agencias de viajes<\/td><\/tr><tr><td>Agentes, ajustadores y gestores de seguros y fianzas<\/td><\/tr><tr><td>Agrupaciones de autoayuda para alcoh\u00f3licos y\u00a0 personas con otras adicciones<\/td><\/tr><tr><td>Alquiler de aparatos el\u00e9ctricos y electr\u00f3nicos para el hogar y personales<\/td><\/tr><tr><td>Alquiler de autom\u00f3viles con chofer<\/td><\/tr><tr><td>Alquiler de autom\u00f3viles sin\u00a0 chofer<\/td><\/tr><tr><td>Alquiler de equipo de c\u00f3mputo y\u00a0 de otras m\u00e1quinas\u00a0 y mobiliario de oficina<\/td><\/tr><tr><td>Alquiler de instrumentos musicales<\/td><\/tr><tr><td>Alquiler de maquinaria y equipo agropecuario, pesquero\u00a0 y para la industria manufacturera<\/td><\/tr><tr><td>Alquiler de maquinaria y equipo comercial y de servicios<\/td><\/tr><tr><td>Alquiler de mesas, sillas,\u00a0 vajillas y similares<\/td><\/tr><tr><td>Alquiler de otros art\u00edculos para el hogar y personales<\/td><\/tr><tr><td>Alquiler de prendas de vestir<\/td><\/tr><tr><td>Asesor\u00eda en inversiones<\/td><\/tr><tr><td>Asociaciones, organizaciones y c\u00e1maras de productores, comerciantes y prestadores de servicios<\/td><\/tr><tr><td>Banca multiple<\/td><\/tr><tr><td>Bibliotecas y archivos del sector privado<\/td><\/tr><tr><td>Bufetes jur\u00eddicos<\/td><\/tr><tr><td>Cantantes y grupos musicales del sector privado<\/td><\/tr><tr><td>Centros generales de alquiler<\/td><\/tr><tr><td>Cerrajer\u00edas<\/td><\/tr><tr><td>Comercio al\u00a0 por mayor de electrodom\u00e9sticos\u00a0 menores\u00a0 y aparatos de l\u00ednea blanca<\/td><\/tr><tr><td>Comercio al\u00a0 por mayor de envases en general,\u00a0 papel\u00a0 y cart\u00f3n para la industria<\/td><\/tr><tr><td>Comercio al\u00a0 por mayor de materiales\u00a0 met\u00e1licos\u00a0 para\u00a0 la construcci\u00f3n y la manufactura<\/td><\/tr><tr><td>Comercio al\u00a0 por mayor de mobiliario, equipo y accesorios de c\u00f3mputo<\/td><\/tr><tr><td>Comercio al\u00a0 por mayor de partes\u00a0 y\u00a0 refacciones\u00a0 nuevas para autom\u00f3viles, camionetas y camiones<\/td><\/tr><tr><td>Comercio al\u00a0 por mayor de ropa, bisuter\u00eda y accesorios de vestir<\/td><\/tr><tr><td>Comercio al\u00a0 por menor de alfombras,\u00a0 cortinas,\u00a0 tapices\u00a0 y similares<\/td><\/tr><tr><td>\u00a0Comercio al\u00a0 por menor de electrodom\u00e9sticos\u00a0 menores y aparatos de l\u00ednea blanca<\/td><\/tr><tr><td>Comercio al por mayor de art\u00edculos de joyer\u00eda y relojes<\/td><\/tr><tr><td>Comercio al por mayor de art\u00edculos de papeler\u00eda<\/td><\/tr><tr><td>Comercio al por mayor de art\u00edculos y accesorios para dise\u00f1o y pintura art\u00edstica<\/td><\/tr><tr><td>Comercio al por mayor de art\u00edculos y aparatos deportivos<\/td><\/tr><tr><td>Comercio al por mayor de calzado<\/td><\/tr><tr><td>Comercio al por mayor de cemento, tabique y grava<\/td><\/tr><tr><td>Comercio al por mayor de discos y casetes<\/td><\/tr><tr><td>Comercio al por mayor de juguetes y bicicletas<\/td><\/tr><tr><td>Comercio al por mayor de libros<\/td><\/tr><tr><td>Comercio al por mayor de mobiliario y equipo de oficina<\/td><\/tr><tr><td>Comercio al por mayor de otras materias primas para otras industrias<\/td><\/tr><tr><td>Comercio al por mayor de otros materiales para la construcci\u00f3n, excepto de madera y met\u00e1licos<\/td><\/tr><tr><td>Comercio al por mayor de pintura<\/td><\/tr><tr><td>Comercio al por mayor de vidrios y espejos<\/td><\/tr><tr><td>Comercio al por menor de aceites y grasas lubricantes, aditivos y similares para veh\u00edculos de motor<\/td><\/tr><tr><td>Comercio al por menor de art\u00edculos de joyer\u00eda y relojes<\/td><\/tr><tr><td>Comercio al por menor de art\u00edculos de mercer\u00eda y boneter\u00eda<\/td><\/tr><tr><td>Comercio al por menor de art\u00edculos de papeler\u00eda<\/td><\/tr><tr><td>Comercio al por menor de art\u00edculos de perfumer\u00eda y cosm\u00e9ticos<\/td><\/tr><tr><td>Comercio al por menor de art\u00edculos para la limpieza<\/td><\/tr><tr><td>Comercio al por menor de art\u00edculos religiosos<\/td><\/tr><tr><td>Comercio al por menor de art\u00edculos usados<\/td><\/tr><tr><td>Comercio al por menor de art\u00edculos y aparatos deportivos<\/td><\/tr><tr><td>Comercio al por menor de autom\u00f3viles y camionetas usados<\/td><\/tr><tr><td>Comercio al por menor de bicicletas<\/td><\/tr><tr><td>Comercio al por menor de bisuter\u00eda y accesorios de vestir<\/td><\/tr><tr><td>Comercio al por menor de blancos<\/td><\/tr><tr><td>Comercio al por menor de calzado<\/td><\/tr><tr><td>Comercio al por menor de cigarros, puros y tabaco<\/td><\/tr><tr><td>Comercio al por menor de cristaler\u00eda,\u00a0 loza y utensilios\u00a0 de cocina<\/td><\/tr><tr><td>Comercio al por menor de discos y casetes<\/td><\/tr><tr><td>Comercio al por menor de disfraces, vestimenta regional y vestidos de novia<\/td><\/tr><tr><td>Comercio al por menor de dulces y materias primas para reposter\u00eda<\/td><\/tr><tr><td>Comercio al por menor de equipo y material fotogr\u00e1fico<\/td><\/tr><tr><td>Comercio al por menor de frutas y verduras frescas<\/td><\/tr><tr><td>Comercio al por menor de instrumentos musicales<\/td><\/tr><tr><td>Comercio al por menor de juguetes<\/td><\/tr><tr><td>Comercio al por menor de leche, otros productos l\u00e1cteos y embutidos<\/td><\/tr><tr><td>Comercio al por menor de lencer\u00eda<\/td><\/tr><tr><td>Comercio al por menor de lentes<\/td><\/tr><tr><td>Comercio al por menor de libros<\/td><\/tr><tr><td>Comercio al por menor de materiales para la construcci\u00f3n en tiendas de autoservicio especializadas<\/td><\/tr><tr><td>Comercio al por menor de mobiliario, equipo y accesorios de c\u00f3mputo<\/td><\/tr><tr><td>Comercio al por menor de motocicletas<\/td><\/tr><tr><td>Comercio al por menor de muebles para el hogar<\/td><\/tr><tr><td>Comercio al por menor de muebles para jard\u00edn<\/td><\/tr><tr><td>Comercio al por menor de otros alimento<\/td><\/tr><tr><td>Comercio al por menor de otros art\u00edculos de uso personal<\/td><\/tr><tr><td>Comercio al por menor de otros art\u00edculos para la decoraci\u00f3n de interiores<\/td><\/tr><tr><td>Comercio al por menor de paletas de hielo y helados<\/td><\/tr><tr><td>Comercio al por menor de paletas de hielo y helados\u00a0<\/td><\/tr><tr><td>Comercio al por menor de pa\u00f1ales desechables<\/td><\/tr><tr><td>Comercio al por menor de partes y refacciones nuevas para autom\u00f3viles, camionetas y camiones<\/td><\/tr><tr><td>Comercio al por menor de pintura<\/td><\/tr><tr><td>Comercio al por menor de pisos y recubrimientos cer\u00e1micos<\/td><\/tr><tr><td>Comercio al por menor de plantas y flores naturales<\/td><\/tr><tr><td>Comercio al por menor de productos naturistas, medicamentos homeop\u00e1ticos y de complementos alimenticios<\/td><\/tr><tr><td>Comercio al por menor de regalos<\/td><\/tr><tr><td>Comercio al por menor de revistas y peri\u00f3dicos<\/td><\/tr><tr><td>Comercio al por menor de ropa de beb\u00e9<\/td><\/tr><tr><td>Comercio al por menor de ropa de cuero y piel y de otros art\u00edculos de estos materiales<\/td><\/tr><tr><td>Comercio al por menor de ropa, excepto de beb\u00e9 y lencer\u00eda<\/td><\/tr><tr><td>Comercio al por menor de semillas\u00a0 y granos alimenticios, especias y chiles secos<\/td><\/tr><tr><td>Comercio al por menor de sombreros<\/td><\/tr><tr><td>Comercio al por menor de telas<\/td><\/tr><tr><td>Comercio al por menor de tel\u00e9fonos\u00a0 y otros aparatos de comunicaci\u00f3n<\/td><\/tr><tr><td>Comercio al por menor de vidrios y espejos<\/td><\/tr><tr><td>Comercio al por menor en ferreter\u00edas y tlapaler\u00edas<\/td><\/tr><tr><td>Comercio al por menor en minisupers<\/td><\/tr><tr><td>Comercio al por menor en tiendas de abarrotes, ultramarinos y miscel\u00e1neas<\/td><\/tr><tr><td>Comercio al por menor en tiendas de artesan\u00edas<\/td><\/tr><tr><td>Comercio al por menor en tiendas departamentales<\/td><\/tr><tr><td>Compa\u00f1\u00edas de danza del sector privado<\/td><\/tr><tr><td>Compa\u00f1\u00edas de teatro del sector privado<\/td><\/tr><tr><td>Confecci\u00f3n\u00a0 en serie de otra ropa exterior de materiales textiles<\/td><\/tr><tr><td>Confecci\u00f3n de cortinas, blancos y similares<\/td><\/tr><tr><td>Confecci\u00f3n de costales<\/td><\/tr><tr><td>Confecci\u00f3n de prendas de vestir sobre medida<\/td><\/tr><tr><td>Confecci\u00f3n de productos de textiles recubiertos y de materiales suced\u00e1neos<\/td><\/tr><tr><td>Confecci\u00f3n de sombreros y gorras<\/td><\/tr><tr><td>Confecci\u00f3n en serie de camisas<\/td><\/tr><tr><td>Confecci\u00f3n en serie de disfraces y trajes t\u00edpicos<\/td><\/tr><tr><td>Confecci\u00f3n en serie de ropa interior y de dormir<\/td><\/tr><tr><td>Confecci\u00f3n en serie de uniformes<\/td><\/tr><tr><td>Confecci\u00f3n, bordado y deshilado de productos textiles<\/td><\/tr><tr><td>Consultorios de nutri\u00f3logos y dietistas del sector privado<\/td><\/tr><tr><td>Consultorios de optometr\u00eda<\/td><\/tr><tr><td>Consultorios de psicolog\u00eda del sector privado\u00a0<\/td><\/tr><tr><td>Consultorios de quiropr\u00e1ctica del sector privado<\/td><\/tr><tr><td>Consultorios del sector privado de audiolog\u00eda y de terapia ocupacional, f\u00edsica y del lenguaje\u00a0<\/td><\/tr><tr><td>Consultorios dentales del sector privado\u00a0<\/td><\/tr><tr><td>Despachos de investigaci\u00f3n de solvencia financiera<\/td><\/tr><tr><td>Dise\u00f1o de modas y otros dise\u00f1os especializados<\/td><\/tr><tr><td>Dise\u00f1o gr\u00e1fico<\/td><\/tr><tr><td>Dise\u00f1o industrial<\/td><\/tr><tr><td>Dise\u00f1o y decoraci\u00f3n de interiores<\/td><\/tr><tr><td>Distribuci\u00f3n de material publicitario<\/td><\/tr><tr><td>Edici\u00f3n de libros<\/td><\/tr><tr><td>Edici\u00f3n de peri\u00f3dicos<\/td><\/tr><tr><td>Edici\u00f3n de revistas y otras publicaciones peri\u00f3dicas<\/td><\/tr><tr><td>Elaboraci\u00f3n de alimentos frescos para consumo inmediato<\/td><\/tr><tr><td>Elaboraci\u00f3n de botanas<\/td><\/tr><tr><td>Elaboraci\u00f3n de helados y paletas<\/td><\/tr><tr><td>Elaboraci\u00f3n de hielo<\/td><\/tr><tr><td>Escuelas de arte del sector privado<\/td><\/tr><tr><td>Escuelas de idiomas del sector privado<\/td><\/tr><tr><td>Escuelas para la capacitaci\u00f3n de ejecutivos del sector privado<\/td><\/tr><tr><td>Estacionamientos y pensiones para veh\u00edculos automotores<\/td><\/tr><tr><td>Fabricaci\u00f3n de banderas y otros productos textiles no clasificados en otra parte<\/td><\/tr><tr><td>Fabricaci\u00f3n de calcetines y medias de tejido de punto<\/td><\/tr><tr><td>Fabricaci\u00f3n de calzado con corte de tela<\/td><\/tr><tr><td>Fabricaci\u00f3n de otros productos de cart\u00f3n y papel<\/td><\/tr><tr><td>Fabricaci\u00f3n de ropa exterior de tejido de punto<\/td><\/tr><tr><td>Fabricaci\u00f3n de ropa interior de tejido de punto<\/td><\/tr><tr><td>Inmobiliarias y corredores de bienes ra\u00edces<\/td><\/tr><tr><td>Joyer\u00eda de\u00a0 metales\u00a0 y\u00a0 piedras\u00a0 no\u00a0 preciosos y\u00a0 de\u00a0 otros materiales<\/td><\/tr><tr><td>Lavado y lubricado de autom\u00f3viles y camiones<\/td><\/tr><tr><td>Lavander\u00edas y tintorer\u00edas\u00a0<\/td><\/tr><tr><td>Mensajer\u00eda y paqueter\u00eda for\u00e1nea\u00a0\u00a0<\/td><\/tr><tr><td>Mensajer\u00eda y paqueter\u00eda local<\/td><\/tr><tr><td>Notar\u00edas p\u00fablicas<\/td><\/tr><tr><td>Oficina de Otros trabajos de acabados en edificaciones\u00a0<\/td><\/tr><tr><td>Oficina de Servicios de investigaci\u00f3n cient\u00edfica y desarrollo en ciencias sociales y humanidades, prestados por el sector privado\u00a0\u00a0<\/td><\/tr><tr><td>Oficina de Trabajos de alba\u00f1iler\u00eda\u00a0<\/td><\/tr><tr><td>Orfebrer\u00eda y joyer\u00eda de metales y piedras preciosos<\/td><\/tr><tr><td>Organizaci\u00f3n de\u00a0 excursiones y\u00a0 paquetes tur\u00edsticos\u00a0 para agencias de viajes<\/td><\/tr><tr><td>Otras compa\u00f1\u00edas y\u00a0 grupos de espect\u00e1culos art\u00edsticos del sector privado<\/td><\/tr><tr><td>Otros consultorios del sector privado para el cuidado de la salud\u00a0<\/td><\/tr><tr><td>Otros servicios de apoyo a los negocios<\/td><\/tr><tr><td>Otros servicios de apoyo secretarial y similares<\/td><\/tr><tr><td>Otros servicios de consultor\u00eda cient\u00edfica y t\u00e9cnica<\/td><\/tr><tr><td>Otros servicios de limpieza<\/td><\/tr><tr><td>Otros servicios de reservaciones<\/td><\/tr><tr><td>Otros servicios de telecomunicaciones\u00a0<\/td><\/tr><tr><td>Otros servicios profesionales, cient\u00edficos y t\u00e9cnicos<\/td><\/tr><tr><td>Otros servicios relacionados con la contabilidad<\/td><\/tr><tr><td>Otros servicios relacionados con los servicios inmobiliarios<\/td><\/tr><tr><td>Preparaci\u00f3n y envasado de t\u00e9<\/td><\/tr><tr><td>Reparaci\u00f3n de calzado y otros art\u00edculos de piel y cuero<\/td><\/tr><tr><td>Reparaci\u00f3n de tapicer\u00eda de muebles para el hogar<\/td><\/tr><tr><td>Reparaci\u00f3n y\u00a0 mantenimiento\u00a0 de otros art\u00edculos para el hogar y personales<\/td><\/tr><tr><td>Reparaci\u00f3n y mantenimiento de aparatos el\u00e9ctricos\u00a0 para el hogar y personales<\/td><\/tr><tr><td>Reparaci\u00f3n y mantenimiento de bicicletas<\/td><\/tr><tr><td>Reparaci\u00f3n y mantenimiento de equipo electr\u00f3nico de uso dom\u00e9stico<\/td><\/tr><tr><td>Reparaci\u00f3n y mantenimiento de otro equipo electr\u00f3nico y de equipo de precisi\u00f3n<\/td><\/tr><tr><td>Restaurantes que preparan otro tipo de alimentos para llevar<\/td><\/tr><tr><td>Salones y cl\u00ednicas de belleza y peluquer\u00edas\u00a0<\/td><\/tr><tr><td>Servicios de acceso a computadoras<\/td><\/tr><tr><td>Servicios de administraci\u00f3n de bienes ra\u00edces<\/td><\/tr><tr><td>Servicios de administraci\u00f3n de centrales camioneras<\/td><\/tr><tr><td>Servicios de administraci\u00f3n de negocios<\/td><\/tr><tr><td>Servicios de apoyo para efectuar tr\u00e1mites legales<\/td><\/tr><tr><td>Servicios de arquitectura<\/td><\/tr><tr><td>Servicios de arquitectura de paisaje y urbanismo<\/td><\/tr><tr><td>Servicios de casetas telef\u00f3nicas<\/td><\/tr><tr><td>Servicios de consultor\u00eda en administraci\u00f3n<\/td><\/tr><tr><td>Servicios de consultor\u00eda en medio ambiente<\/td><\/tr><tr><td>Servicios de contabilidad y auditor\u00eda<\/td><\/tr><tr><td>Servicios de dibujo<\/td><\/tr><tr><td>Servicios de dise\u00f1o de sistemas de c\u00f3mputo\u00a0 y\u00a0 servicios relacionados<\/td><\/tr><tr><td>Servicios de empacado y etiquetado<\/td><\/tr><tr><td>Servicios de fotocopiado, fax y afines<\/td><\/tr><tr><td>Servicios de fotograf\u00eda y videograbaci\u00f3n<\/td><\/tr><tr><td>Servicios de ingenier\u00eda<\/td><\/tr><tr><td>Servicios de investigaci\u00f3n cient\u00edfica y desarrollo en ciencias naturales\u00a0\u00a0 y\u00a0\u00a0 exactas,\u00a0\u00a0 ingenier\u00eda,\u00a0\u00a0 y\u00a0\u00a0 ciencias\u00a0\u00a0 de\u00a0 la\u00a0\u00a0 vida, prestados por el sector privado<\/td><\/tr><tr><td>Servicios de investigaci\u00f3n de mercados\u00a0 y\u00a0 encuestas de opini\u00f3n p\u00fablica<\/td><\/tr><tr><td>Servicios de investigaci\u00f3n y de protecci\u00f3n y custodia, excepto mediante monitoreo<\/td><\/tr><tr><td>Servicios de levantamiento geof\u00edsico<\/td><\/tr><tr><td>Servicios de limpieza de inmuebles<\/td><\/tr><tr><td>Servicios de limpieza de tapicer\u00eda, alfombras y muebles<\/td><\/tr><tr><td>Servicios de preparaci\u00f3n de documentos<\/td><\/tr><tr><td>Servicios de profesores particulares<\/td><\/tr><tr><td>Servicios de protecci\u00f3n y custodia mediante el monitoreo de sistemas de seguridad<\/td><\/tr><tr><td>Servicios de recepci\u00f3n de llamadas telef\u00f3nicas y promoci\u00f3n por tel\u00e9fono<\/td><\/tr><tr><td>Servicios de revelado e impresi\u00f3n de fotograf\u00edas<\/td><\/tr><tr><td>Servicios de rotulaci\u00f3n y otros servicios de publicidad<\/td><\/tr><tr><td>Servicios de traducci\u00f3n e interpretaci\u00f3n<\/td><\/tr><tr><td>Servicios veterinarios\u00a0 para\u00a0 mascotas\u00a0\u00a0 prestados\u00a0\u00a0 por\u00a0 el sector privado<\/td><\/tr><tr><td>Servicios veterinarios para\u00a0 la\u00a0 ganader\u00eda prestados por el sector privado<\/td><\/tr><tr><td>Suministro de personal permanente<\/td><\/tr><tr><td>Supervisi\u00f3n de\u00a0 construcci\u00f3n\u00a0 de obras de generaci\u00f3n\u00a0 y conducci\u00f3n de energ\u00eda\u00a0 el\u00e9ctrica y\u00a0 de obras para telecomunicaciones<\/td><\/tr><tr><td>Supervisi\u00f3n de construcci\u00f3n\u00a0 de otras obras de ingenier\u00eda civil<\/td><\/tr><tr><td>Supervisi\u00f3n de construcci\u00f3n de obras para el tratamiento, distribuci\u00f3n y suministro de agua, drenaje y riego<\/td><\/tr><tr><td>Supervisi\u00f3n de construcci\u00f3n de obras para petr\u00f3leo y gas<\/td><\/tr><tr><td>Supervisi\u00f3n de edificaci\u00f3n de inmuebles comerciales y de servicios<\/td><\/tr><tr><td>Supervisi\u00f3n de edificaci\u00f3n de naves y plantas industriales<\/td><\/tr><tr><td>Supervisi\u00f3n de edificaci\u00f3n residencial<\/td><\/tr><tr><td>Trabajos de pintura y otros cubrimientos de paredes<\/td><\/tr><\/tbody><\/table><\/figure>\n<\/details>\n\n\n\n<p><\/p>\n","protected":false},"excerpt":{"rendered":"","protected":false},"author":1,"featured_media":0,"parent":0,"menu_order":0,"comment_status":"closed","ping_status":"closed","template":"","meta":{"pagelayer_contact_templates":[],"_pagelayer_content":"","_themeisle_gutenberg_block_has_review":false,"footnotes":""},"class_list":["post-21","page","type-page","status-publish","hentry"],"_links":{"self":[{"href":"https:\/\/tecate.gob.mx\/SARE\/wp-json\/wp\/v2\/pages\/21","targetHints":{"allow":["GET"]}}],"collection":[{"href":"https:\/\/tecate.gob.mx\/SARE\/wp-json\/wp\/v2\/pages"}],"about":[{"href":"https:\/\/tecate.gob.mx\/SARE\/wp-json\/wp\/v2\/types\/page"}],"author":[{"embeddable":true,"href":"https:\/\/tecate.gob.mx\/SARE\/wp-json\/wp\/v2\/users\/1"}],"replies":[{"embeddable":true,"href":"https:\/\/tecate.gob.mx\/SARE\/wp-json\/wp\/v2\/comments?post=21"}],"version-history":[{"count":7,"href":"https:\/\/tecate.gob.mx\/SARE\/wp-json\/wp\/v2\/pages\/21\/revisions"}],"predecessor-version":[{"id":80,"href":"https:\/\/tecate.gob.mx\/SARE\/wp-json\/wp\/v2\/pages\/21\/revisions\/80"}],"wp:attachment":[{"href":"https:\/\/tecate.gob.mx\/SARE\/wp-json\/wp\/v2\/media?parent=21"}],"curies":[{"name":"wp","href":"https:\/\/api.w.org\/{rel}","templated":true}]}}